)/((-3)/(-255)). Let c = o + 5. Suppose -5*a = 5*x - 475, -5*a + x + c + 232 = 0. Calculate the greatest common divisor of a and 38.
19
Let d be (-23 - (5 + 2))*8/(-3). Suppose 5*r - 20 = 5*n, r = -r - 2*n. Suppose -r*b - b = 12, 4*k = -3*b + 116. What is the highest common divisor of d and k?
16
Let d be (6/(-4))/(3/(-330)). Let i = 69 - d. Let c be (8/24)/((-2)/i). What is the highest common factor of c and 176?
16
Suppose -4*x + 9 = 4*s - 3*x, 0 = 2*s + 3*x + 3. Suppose 0 = s*q + 440 - 1142. Let n = 339 - q. What is the highest common factor of 21 and n?
21
Let t be ((-519)/(-27) - 5) + 2/(-9). Suppose 9 + 16 = 5*g, -4*g = -4*d + 148. Calculate the highest common divisor of d and t.
14
Let s = -257 - -270. What is the highest common divisor of s and 65?
13
Let b(o) = -o**3 - 5*o**2 + 4*o - 1. Let x be b(-6). Suppose -y + 3 = -x. What is the greatest common divisor of y and 2?
2
Let g(o) = -60*o. Let k be g(-1). Suppose -8*c = -11*c - 84. Let p be (-42)/(-4) - 7/c*6. What is the highest common factor of k and p?
12
Suppose -92 = 2*f + 36. Let a = -39 - f. Calculate the greatest common divisor of 5 and a.
5
Let l = 2065 - 2058. Let o be 36*(3/4 + 1). What is the highest common factor of o and l?
7
Let t(i) = i**3 + 13*i**2 - 35*i - 12. Let b be t(-15). Calculate the greatest common divisor of b and 147.
21
Suppose 0 = -5*p - 5*n - 5, -5*p + 0*n = n + 5. Let l be -17*(-2)/2*p. Let m = -11 - l. What is the greatest common factor of 15 and m?
3
Suppose 2 = 5*h - 8. Suppose -y = h - 5. Let f = 161 + -149. What is the greatest common factor of y and f?
3
Let f = 435 + -290. Calculate the greatest common divisor of 10 and f.
5
Let m(i) = -i**3 + 6*i**2 - 3*i + 4. Let k be m(5). Let h = 15 - k. Calculate the greatest common divisor of 3 and h.
1
Suppose -5*d + 44 = -9*d. Let q(b) = b**3 + 12*b**2 + 12*b + 21. Let h be q(d). What is the greatest common divisor of 5 and h?
5
Let h be (-5 + -2)*2*(-3)/6. Let d be ((-1)/((-1)/1))/(h/91). What is the greatest common factor of 52 and d?
13
Suppose 5*j + 5*p = 2625, 0*j + 4*j - 2100 = -5*p. Calculate the highest common factor of 42 and j.
21
Suppose -2*a - 4*w + 2*w + 4 = 0, 0 = -2*a + 5*w + 4. Suppose -a*s + 3*v + 87 = 2*v, 5*s - 3*v = 216. What is the highest common divisor of 30 and s?
15
Suppose 112 = -4*w + 8*w. Let n(a) = -a + 10. Let y be n(6). What is the greatest common divisor of y and w?
4
Let b(t) = 5*t - 4. Let o be b(6). Let c(v) = 9 - 2 + 3*v - 5*v**3 - 3. Let l be c(-3). What is the greatest common divisor of l and o?
26
Let u(b) = 5*b. Let g be u(3). Let j be -30*(-11)/(22/3). What is the highest common factor of g and j?
15
Let l = -14 - -16. Let x = l + 0. Suppose 5*o = 2*u + 22, 0 = 3*o + u - x*u - 14. Calculate the greatest common factor of 66 and o.
6
Let q = 50 - 44. Let o = 9 - q. What is the highest common factor of o and 4?
1
Suppose 126*m - 3097 - 4023 = 37*m. Let t(v) = v**2 - v + 20. Let w be t(0). What is the highest common factor of m and w?
20
Let u be -1 + (-1 - -62) - -3. What is the greatest common factor of u and 18?
9
Let a = -134 + 506. What is the highest common factor of a and 6?
6
Suppose z - 45 - 8 = 0. Suppose -3*m - 76 = 2*n, 2*n + m = 6*n + 138. Let u = z + n. Calculate the highest common divisor of u and 9.
9
Suppose 0 = 2*t + 2*t + 5*i - 328, -423 = -5*t - 3*i. Suppose -24*f = -21*f - t. Calculate the highest common divisor of f and 319.
29
Suppose w - 5*b = 17, -1063*w - b = -1068*w + 61. Let d(g) = 3*g**2 - 6*g + 3. Let a be d(5). Calculate the greatest common factor of a and w.
12
Let z(j) = -1834*j**3 + 3*j**2 + 2*j + 1. Let k be z(-1). What is the greatest common divisor of 12 and k?
12
Let b be 969/38 - (-2)/(-4). Let t = 35 - b. Calculate the greatest common factor of t and 110.
10
Let m be (34 - 4)*48/10. Let q = -94 + m. Let z be (15 - -1) + 2 + 2. Calculate the greatest common divisor of z and q.
10
Suppose -8*s = -3*s - 10. Let z = 3 - 3. Suppose 2*a - 4 - 16 = z. What is the highest common factor of a and s?
2
Let x be 2/(-3)*663/(-26). Suppose -3*p + 68 = -g - x, 20 = -5*g. Let f = -28 + 46. Calculate the highest common factor of f and p.
9
Let h(d) = -3*d + 46. Let m be h(14). Calculate the greatest common factor of 78 and m.
2
Let h be (-9 + 6)*(-7)/(-3). Let b = 20 + h. Let z = 16 - b. What is the greatest common divisor of z and 27?
3
Let a be (-36)/(-324) + 119/9*121. Calculate the highest common factor of 25 and a.
25
Let x(k) = 5*k**2 - 204*k - 13. Let b be x(41). Calculate the greatest common factor of 98 and b.
14
Let n(i) = 5*i**2 - 34. Let q be n(5). What is the highest common divisor of 26 and q?
13
Let b be 2301/118*(2 - (-6)/(-9)). What is the highest common factor of 754 and b?
26
Let m be 5 + 66 + ((-42)/(-6))/7. What is the greatest common factor of 492 and m?
12
Let t be 4082/6 - 43/129. Calculate the greatest common factor of t and 80.
40
Suppose -19*d = -29*d + 8640. Calculate the greatest common factor of d and 54.
54
Let b be (-4)/14 + 88/14. Let d(c) be the third derivative of c**6/3 + c**5/30 + 13*c**2. Let m be d(1). Calculate the highest common factor of m and b.
6
Suppose 1 = 3*g + 2*o, 4*g - o + 2*o = 3. Let m = 119 - 95. Suppose -m + 10 = -2*t. What is the greatest common divisor of g and t?
1
Let c(t) = -62*t + 612. Let m be c(0). Calculate the highest common divisor of m and 340.
68
Let h = 162 + 69. What is the highest common divisor of 42 and h?
21
Suppose -z + 0*z = j - 2, 0 = 5*z - 5*j. Let r be (-1*8)/z - -4. Let f be (18/r)/((-8)/64). What is the greatest common divisor of 180 and f?
36
Let o(f) = -f**3 + 13*f**2 - 4*f - 6. Let i be o(12). Calculate the greatest common factor of i and 15.
15
Let h = -244 - -254. Let k(f) = -f + 4. Let v be k(0). Suppose -v*y = -43 - 157. What is the highest common factor of y and h?
10
Let z be 6/(-21) - 1902/(-42). What is the highest common factor of z and 27?
9
Suppose 1693 = -15*a - 1232. Let s = -117 - a. What is the highest common factor of 52 and s?
26
Let p(b) = -16*b + 8. Let c be p(-4). Suppose 2*a = -a + c. What is the highest common divisor of 60 and a?
12
Let n(a) = -a**2 + 24*a + 122. Let m be n(28). What is the highest common factor of 15 and m?
5
Let k(i) = 20*i - 36. Let j be k(6). Calculate the greatest common factor of j and 12.
12
Let y = -842 - -866. Calculate the greatest common factor of 33 and y.
3
Suppose -5*t + 90 = 4*d, 6*t - 4*d = t + 90. Let x(j) = j**3 - 14*j**2 - 41*j - 516. Let z be x(18). Calculate the greatest common factor of z and t.
6
Let t(x) = -3*x + 17. Let c = -10 - -6. Let d(s) = -3*s + 18. Let m(v) = c*t(v) + 3*d(v). Let r be m(13). What is the highest common divisor of 50 and r?
25
Let q be 48*(-2)/(-11 - -3). Suppose 157 = x - 4*n - n, -4*x + 2*n = -538. What is the greatest common factor of q and x?
12
Suppose -x = -2*n + x + 2200, 4404 = 4*n - 3*x. What is the greatest common divisor of n and 48?
48
Let v(a) = a**3 + 5*a**2 - 5*a + 7. Let f be v(-6). Let b(y) = -3*y**2 - 15*y + 19. Let m be b(-6). What is the greatest common divisor of m and f?
1
Let y = -2 - -2. Suppose 4*r - 2*r - 10 = y. Let x be (-40)/(-7)*(-8 - -1)/(-257 + 255). What is the highest common divisor of r and x?
5
Suppose 8*z - 93 = 83. Calculate the greatest common factor of z and 66.
22
Let m = 908 - 700. Let s = 71 - 45. What is the greatest common factor of s and m?
26
Let j be 5 + (-3390)/(-25) + 6/15. Calculate the greatest common divisor of 329 and j.
47
Let p = 37 - 68. Let t = p - -39. Calculate the greatest common factor of t and 32.
8
Suppose 378*c = 380*c - 496. Calculate the highest common factor of c and 62.
62
Let h be 90/8 + 2/(-8). Let l be 383/h + 12/66. What is the highest common factor of 7 and l?
7
Let y = 266 - 248. What is the highest common divisor of y and 144?
18
Let x = 1082 - 618. What is the greatest common factor of 16 and x?
16
Suppose 245 = 21*z + 14*z. What is the greatest common factor of z and 6?
1
Let h be 64/10 + 24/(-60). Let b(t) = -15*t + 7. Let l be b(h). Let v = -58 - l. What is the greatest common divisor of v and 25?
25
Suppose -3*v - 4 = -w, w + 3 = -v + 7. Suppose 16*d - w*d - 288 = 0. Let o be (1 - -1 - 1) + 23. What is the greatest common divisor of o and d?
24
Suppose 4*i + 17658 = 22*i. What is the greatest co